mber?
False
Suppose 18*u - w = 21*u - 227719, -4*u + 303636 = -4*w. Is u a prime number?
False
Let j(g) = 14*g - 1. Let f be j(1). Let w be -2 - 0 - (f - 1). Let q = 24 + w. Is q prime?
False
Suppose 16*f + c = 12*f + 5036, f + 5*c - 1259 = 0. Is f a prime number?
True
Suppose 20559 = 4*j - 3037. Is j a prime number?
False
Let h = 553 - -2374. Is h prime?
True
Suppose -11*d + 83088 + 19619 = 0. Is d a composite number?
False
Suppose -c = 5*c - 6. Let u be (c - -2)/((-3)/(-2)). Suppose x - u*x = -191. Is x a prime number?
True
Let k(u) = u**2 + 2*u. Let r be k(-3). Suppose 5*t = 8*l - r*l + 1670, 3*t - 2*l = 999. Is t a prime number?
True
Suppose -2*y + 6 = -y. Is 287 + y + (4 - 8) prime?
False
Let a(s) = 3*s**2 - 7*s + 1. Let f be a(13). Suppose 0 = -5*q - f + 1962. Is q a prime number?
False
Let f = -751 + 1311. Suppose -4*u + 4*v = -f, -3*u + 2*v + 550 = u. Let d = u - -76. Is d prime?
True
Let c = -12897 + 30416. Is c a composite number?
False
Let q = 966 - -3113. Suppose -5*t = 20, -3*y + 4*t - 5*t + q = 0. Is y a prime number?
True
Let i(x) = 34*x**2 - 23*x**2 + 6 + 7*x + 35*x**2. Is i(-5) prime?
False
Let a(g) = 2*g + 14. Let u be a(-7). Suppose -h + 937 = 3*r + 3*h, 2*r + h - 618 = u. Is r composite?
False
Let y(o) = 102*o + 691. Is y(20) composite?
False
Suppose 517*n = 522*n - 34885. Is n a prime number?
True
Let k be (-251874)/35 + (-6)/(-15). Let h be k/(-6) + 9/(-27). Suppose 3*d - 694 = h. Is d composite?
False
Let l(j) = -j**3 - j**2 + j - 2. Suppose 0 = -14*x + 10*x. Let h be l(x). Is -3*1052/24*h a composite number?
False
Let w be -2 + 1 + 1819 + -4. Is 0/(-2) + w/2 prime?
True
Suppose -3*k + k = 5*t - 3909, -2*t + 1551 = 5*k. Let l = -296 + 1274. Suppose -l - t = -3*s. Is s a composite number?
False
Suppose t - 4*t + 75 = 0. Suppose -4*q - q + t = 0. Is ((-155)/q)/(1/(-1)) composite?
False
Suppose -24858 = -13*l + 14389. Is l prime?
True
Let t(y) = 5*y**2 - 6*y + 1. Suppose 2*l - 4*n = -6, 3*l - 5*n + 0 + 5 = 0. Let v be t(l). Suppose 212 = 4*b - v. Is b composite?
True
Suppose 3*t = 4*t - 5. Is -1119*t/(-10)*2/3 prime?
True
Let p be (-8)/12*(-3)/2. Let u(q) = 3*q**2. Let y be u(p). Suppose 0 = y*n - 69 - 102. Is n a prime number?
False
Suppose -48 = -10*x + 12*x. Is (-5 - -2) + (x/6 - -456) composite?
False
Suppose -4*n + 5*p + 91096 = 0, p = n - 3*n + 45534. Is n composite?
False
Let b be (-3)/(-2)*(-16)/(-12). Suppose 186 = b*l - 2*o, -l - 2*l + 279 = -5*o. Is l prime?
False
Let g = -47 + 49. Let k(b) = 16*b**3 + 3*b - 3. Is k(g) a prime number?
True
Let n(i) = 17*i**2 + 22*i + 19. Is n(-12) composite?
False
Suppose 0*b + 2*c = 2*b + 4, 0 = -4*b + 2*c - 4. Suppose 5*p + 10 = 2*t + 42, -4*t - 4 = b. Let w(l) = 5*l**2 + l + 1. Is w(p) prime?
False
Let n = 2409 - 1690. Is n a prime number?
True
Let p = 2869 - -3050. Is p a composite number?
True
Let i be ((-7)/7)/(0 - 2/10). Suppose 2*p - 3*p = -4, p = i*g - 1581. Is g composite?
False
Let x be 1/(3/363*1). Suppose -f + 2*y = -71, x = 2*f - y + 4*y. Let i = f + -34. Is i composite?
False
Is (2/(-4))/(20/(-35960)) a composite number?
True
Let m = 845 + 552. Is m a prime number?
False
Let l = 726 + -329. Is l prime?
True
Suppose 2*v + 3*v + 4*s - 9 = 0, v = 4*s + 21. Suppose m + 40 = 2*w + v*m, 0 = -4*w + m + 62. Let i = 67 - w. Is i composite?
True
Let y be (1/(-5))/(-2 + 45/25). Let i(u) = 803*u**2 - 6*u. Is i(y) composite?
False
Let c(t) = -35*t**2 + 1. Let z be c(2). Let q = 245 + z. Suppose 0 = x - 3*x + q. Is x composite?
False
Suppose -3*j - 3*k + 1215 = 0, -2*k + 3*k + 1640 = 4*j. Is j prime?
True
Let h(n) = 0*n**2 + 101 - 27 - n**2 - n. Suppose 4*t + 2*m = -3*m - 25, m + 5 = 2*t. Is h(t) composite?
True
Let q be 35/(-2)*2*14. Let n be (12 - 873) + (-1 - 1). Let u = q - n. Is u prime?
True
Let w be 2/(-15) + 18/135. Suppose w = -3*c - 12, 1 = -3*a - 3*c + 4. Let j(g) = 8*g**2 - 3*g + 2. Is j(a) a composite number?
True
Let w = 22125 + -15562. Is w a composite number?
False
Let q = -1880 - -3057. Is q composite?
True
Let d(c) = 341*c + 2. Let k be d(2). Suppose 3*s = -2*t + 458, -2*s - s + k = 3*t. Suppose -g - t = -3*i - 3*g, -2*i + 142 = -3*g. Is i prime?
False
Suppose 8484 = -2*c - 3*p + 24587, -24192 = -3*c + 3*p. Is c composite?
False
Let m be (-252)/(-98) - (-6)/14. Let h be (2 - 0)/(-1 + 2). Is 206 - (1 + h)/m a prime number?
False
Suppose 32*v - 31*v = 2809. Let x = v + -1296. Is x a prime number?
False
Is -16 - (-936)/60 - 188174/(-10) a prime number?
False
Suppose 4*o + o = 41060. Suppose 6*b - o = -1306. Is b prime?
True
Suppose 0 = 3*x - 0 - 3, 3*m + x - 829 = 0. Suppose -66 = 5*d - m. Suppose f = -f + d. Is f composite?
True
Suppose 21 - 21 = 3*v. Suppose 924 = 5*n - g + 2*g, 2*g + 2 = v. Is n a prime number?
False
Suppose 28465 + 5715 = 20*f. Is f prime?
True
Let g = -17 - -13. Is 134/(g - (-70)/15) a composite number?
True
Let j(m) = -m + 2. Let w be j(-3). Suppose 47 = n + b + b, w*n + 4*b = 259. Suppose 5*x - n = 4*y, x - 3*x = -3*y - 29. Is x a prime number?
True
Suppose 0 = 4*x - 8*x + 1220. Suppose -x = -5*f + 665. Is f a prime number?
False
Let j = -11 + 10. Is 653 + -1 - (j + 0) prime?
True
Let g = -4 + 13. Suppose 0 = -4*u + g + 11. Suppose -2*m - 3*h + 50 = 0, -m - 4*h = -u - 10. Is m prime?
True
Let i(g) = -g**3 - 8*g**2 - 8*g + 19. Let d be i(-6). Let k(m) = 22*m**2 + 10*m + 15. Is k(d) a composite number?
True
Let q = -4 - -6. Let c = 129 + -130. Is c/q*(-2 + -60) a prime number?
True
Let v be 7/(14/4 + -3). Let b = v + -11. Suppose -x = 4*n - 4*x - 835, -b*n + 618 = -5*x. Is n prime?
True
Suppose -x - c = -13 + 34, 99 = -5*x + c. Let d = x + 22. Suppose 15 = -5*z, -5*r + r + 242 = -d*z. Is r prime?
True
Let b be (-52)/(-16) + 1/(-4). Suppose 4*c - b - 5 = 0. Suppose 0 = -3*t - c*t + 235. Is t composite?
False
Is (-1 - (-3)/(-6))/(15/(-195410)) prime?
True
Is 406*(-74)/(-12) - 6/9 composite?
False
Suppose 12*h + 16 = 16*h. Let w be 973/5 + (-2)/(-5). Let j = w - h. Is j a composite number?
False
Suppose -4*u = 3*w + 10, 16 = -w - w - 5*u. Let y = -171 - -174. Suppose -y*f = 2*r - 761, 2*r + w*f - 1129 = -r. Is r a prime number?
True
Suppose 5*p + 3*q - 16453 - 40348 = 0, 56791 = 5*p - 2*q. Is p a composite number?
True
Let p be (-10644)/(-22) + (-12)/(-66). Let m = p - 273. Is m composite?
False
Suppose -4*g = -l + 17641, g + l + 1249 + 3155 = 0. Is (-1 - -4)/(4 + g/1103) composite?
False
Suppose 2706 + 1098 = 4*i. Is i composite?
True
Let m be 5/((-5)/(-3)) + 4. Let f(o) = 3*o**2 - 3*o - 6. Let d be f(m). Let h = 189 - d. Is h composite?
True
Let c(a) = 9*a**2 - 17*a + 39. Is c(-14) composite?
True
Suppose 6*j = -549 - 1215. Let u = -3 - j. Is u a composite number?
True
Suppose 3*b + 0*b - 10062 = 0. Suppose -3*z + 5*z - b = -4*u, u - z - 837 = 0. Let f = u + -137. Is f prime?
True
Let q be 1839 - ((-7)/((-28)/(-8)) - -2). Let v = 2606 - q. Is v composite?
True
Let c(h) = 1159*h**2 + h - 23. Is c(-4) a prime number?
True
Let q = 3043 - 1522. Suppose 1169 = 5*i - q. Is i a prime number?
False
Let t(w) = w**3 - 25*w**2 + 23*w. Let o be t(24). Let f = 151 + o. Is f composite?
False
Is 10909 - ((-42)/(-7) - 8) a composite number?
True
Let t(g) = 11*g**2 + 2. Let a = 8 - 10. Let s be t(a). Suppose -q = -s - 99. Is q a prime number?
False
Let s(w) = w**3 + 5*w**2 + 3*w - 2. Let n be 18/(-15)*20/6. Let o be s(n). Suppose -o*c = k + k - 322, -3*c = k - 475. Is c prime?
True
Let a = 5 - -10. Let j = 75 + a. Let y = 37 + j. Is y a prime number?
True
Let r(x) = -6293*x**3 + 3*x**2 + 3*x + 4. Is r(-1) composite?
True
Let f(t) = 42*t - 51. Let q be f(-17). Let p = -419 - q. Is p prime?
False
Suppose 50*d = 57*d - 6041. Is d a prime number?
True
Suppose 2*a - 20756 = -4*v - 4734, 5*v + 4*a = 20023. Is v composite?
False
Suppose 0 = -b + 5*b + 16, 2*b + 9959 = 3*d. Is d a composite number?
True
Suppose 4*n - 234551 = 3*v, -3*n = -2*n - v - 58638. Is n prime?
False
Let u = -1009 + 2742. Is u a composite number?
False
Suppose -167*a = -164*a - 125661. Is a prime?
True
Suppose 16*b = -5*b + 4683. Is b composite?
False
Let n(p) = -9*p + 9. Let s(f) = -5*f. Let r(v) = v. Let b(m) = 4*r(m) + s(m). Let a(d) = -2*b(d) + n(d). Is a(-8) prime?
False
Suppose -5*n - 31*d + 35*d + 76537 = 0, 5*d = 4*n - 61235. Is n a composite number?
True
Suppose 0 = 3*d - 5*d - 190